 is the remainder when w(-7) is divided by 20?
4
Let p(x) = -3*x - 34. Let j = -2 + -11. What is the remainder when p(j) is divided by 5?
0
Let q(z) = z**3 + 15*z**2 - 19*z - 20. Let p be q(-16). Suppose -3*x + 11 + p = 0. Calculate the remainder when x is divided by 7/2 - 1/(-2).
1
Suppose 4*g - 3*b = -g + 575, -b = 2*g - 219. Suppose -12*p + 0*p + 368 - 20 = 0. What is the remainder when g is divided by p?
25
Let n = 13 + -6. What is the remainder when 12/(4 + -1)*18/8 is divided by n?
2
Suppose 2*j - 4*j + 294 = 0. Suppose 0 = -3*g + 12 + 138. What is the remainder when j is divided by g?
47
Let n(z) = 30*z - 1. Let h be n(1). Let y be (-3 - (-1)/1) + h. Suppose -y = q - 4*q. What is the remainder when 13 is divided by q?
4
Let q = 221 - 148. Suppose 0*d = -d. Let t(h) = h**2 + h + 15. What is the remainder when q is divided by t(d)?
13
Let w(y) = 10*y + 2. What is the remainder when w(10) is divided by 3?
0
Let d(m) = 51*m + 2. What is the remainder when d(1) is divided by 27?
26
Let r(w) = -3*w**2 + 60*w - 11. What is the remainder when 549 is divided by r(19)?
43
Let m(i) = -i - 8. Let n(b) = 3*b + 31. Suppose 27 = -27*f + 30*f. Let p(h) = f*m(h) + 2*n(h). What is the remainder when 43 is divided by p(-7)?
10
Suppose 8 = -6*x + 56. Calculate the remainder when 3 is divided by x/(-18)*(-57)/38*3.
1
Let b = 215 - 118. Suppose -5*v = -b - 103. What is the remainder when 158 is divided by v?
38
Suppose 14 = r - 17. Suppose -4*t - r = -5*t. Let z = t + -18. What is the remainder when 49 is divided by z?
10
Suppose 2*h + 17 = -3*c + 40, -2*c = 5*h - 19. Calculate the remainder when c is divided by 3.
1
Suppose 4*p = -5*v + 25 + 17, -5*p = -5*v - 75. Calculate the remainder when p is divided by (12/36)/((-2)/(-24)).
1
Let o = 1793 + -1750. Calculate the remainder when 3052 is divided by o.
42
Let g = -11 - -19. Let o(u) = -u**3 + 7*u**2 + 10*u + 2. Calculate the remainder when 70 is divided by o(g).
16
Let s(q) = 2*q**2 - 5*q - 88. Calculate the remainder when 290 is divided by s(11).
92
Let n = 217 - 145. What is the remainder when n is divided by 16?
8
Suppose 4*b = 15 - 3. Suppose 2*v - 46 = -j, -93 = -4*v - v + b*j. Suppose 157 = 14*u + 3. Calculate the remainder when v is divided by u.
10
Suppose 0*v - 5*v - 15 = 0. Let t(f) = f**2 + f - 3. Suppose 10*x - 45 = 5*x. What is the remainder when x is divided by t(v)?
0
Let f be (-12)/6*(-26)/4. Suppose -3*g - 10 + 5 = -2*n, 0 = 5*n + g + f. What is the remainder when (6 + -48)*n/4 is divided by 11?
10
Suppose 6*u - 2*u + 2*g = 38, -3*g + 48 = 5*u. Let r(o) = o + 2*o - u*o - 1 + 5*o. What is the remainder when 39 is divided by r(-9)?
7
Let t = -3 + 3. Suppose -2*d + 19 - 7 = t. Suppose -m - 2*u - 85 = -d*m, 5*m + 2*u = 65. What is the remainder when 42 is divided by m?
12
Suppose 3*f + 12 = 0, -3*y - 7*f + 2*f + 379 = 0. Let d = -117 + y. Calculate the remainder when 34 is divided by d.
2
Suppose 0 = -2*g - 3*g + 60. Let i(k) = 3 + k**3 - 11*k - 8*k**2 - 4 - 2*k**3 - 5. Calculate the remainder when i(-7) is divided by g.
10
Suppose 16*i - 7*i = 18. Suppose -4*l + 12 = -l + j, -2*j = -2*l + 16. Calculate the remainder when l is divided by i.
1
Suppose i = -2*t + 61, 5*t + 7*i - 148 = 6*i. What is the remainder when 56 is divided by t?
27
Let g = 10 - 7. Suppose 5*p + 66 = g*v + 225, -4*v + 140 = 4*p. Calculate the remainder when 10/2*p/55 is divided by 1.
0
Let l = 3 + 14. Suppose 4*x + 2*n - 14 = 0, -2*n + 0*n - 1 = x. What is the remainder when l is divided by x?
2
Suppose -51*v + 73*v = 4796. Calculate the remainder when v is divided by 45.
38
Let b = 6 - 1. Suppose y - b*p - 10 = -2*y, 2*p = -4. Suppose -z + 0*z + 17 = y. What is the remainder when z is divided by 6?
5
Let d = 2370 + -2356. Let a = -77 + 146. Calculate the remainder when a is divided by d.
13
Let v = 15 - -37. Let y be (-4)/(-1) - (-4)/(-1). Suppose 85 = 5*d + 5*o, -2*d + 5*o + 57 - 16 = y. Calculate the remainder when v is divided by d.
16
Let j(r) = 5*r - 3. Suppose -p + 17 = 4*n, 10 = 4*p + p - 5*n. What is the remainder when j(p) is divided by 7?
1
Let x(g) = -14*g + 33. Calculate the remainder when 64 is divided by x(1).
7
Suppose -2*z = -5*b - 38, -z + 57 = 2*z - 4*b. Suppose 0 = 27*v - 30*v + 33. What is the remainder when z is divided by v?
8
Let z = -15 - -42. Suppose -3*v + 1 = -2. What is the remainder when z is divided by (v/3)/(8/144)?
3
Let y(c) = -c**3 - c**2 + 24*c - 22. What is the remainder when y(-7) is divided by 16?
8
Suppose -18*w = -1009 - 809. What is the remainder when 313 is divided by w?
10
Let p(l) = -l**3 - 10*l**2 + 1. Let c be p(-10). What is the remainder when c + (-83)/(-4) - (-14)/56 is divided by 5?
2
Calculate the remainder when 183 is divided by ((-3)/9)/((-1)/(-3)) - -7.
3
Suppose -13*z + 420 = -6*z. Let i = z + -54. Let s(v) = 19*v - 1. Calculate the remainder when s(1) is divided by i.
0
Suppose 7*l = 2*l + 55. Let d(g) = -2*g - 16. Let f be d(-6). Calculate the remainder when l is divided by ((-1)/f)/((-11)/(-132)).
2
What is the remainder when ((-13)/39)/((-1)/357*1) is divided by 30?
29
Suppose 5*p + 4*g - 621 = 0, 5*p - 5*g + 33 = 663. Calculate the remainder when p is divided by 21.
20
Let m be 6/(-10) + 234/90. Let y = m + 10. Let g = -17 + 40. What is the remainder when g is divided by y?
11
Let t(u) = u + 11. Let n be t(-9). Let z be (11/n)/1*2. Let q = 13 - z. What is the remainder when 7 is divided by q?
1
Suppose t = a + 65, -9*t + 4*t + 298 = 4*a. What is the remainder when t is divided by 25?
12
Suppose -24 = -16*n + 13*n. Calculate the remainder when 30 is divided by n.
6
Suppose -j - 419 + 502 = 0. What is the remainder when j is divided by 29?
25
Suppose 0 = 7*j - 283 - 172. What is the remainder when 124 is divided by j?
59
Let x = 135 + -133. Let l be -2 - -1 - (0 + 2). What is the remainder when 3 is divided by x*(l - -2)/(-1)?
1
Suppose -x = 4*b - 12, 3*x - 7 = -3*b + 11. Calculate the remainder when 18 is divided by b.
0
Let o(y) = 14*y + 321. Calculate the remainder when 54 is divided by o(-20).
13
Let u be 6/4 + (-125)/(-10). Suppose -c - 1 + u = 0. Suppose -o = -3*o + 50. Calculate the remainder when o is divided by c.
12
Suppose -141*c + 7259 = -2611. What is the remainder when c is divided by 67?
3
Let h = 9 + 23. Let c(f) = 15*f**2 + 2*f - 3. Calculate the remainder when c(-3) is divided by h.
30
Let k = 6 - 5. Let r be 0 + 1 - (6 - 3). Let p = 1 - r. Calculate the remainder when p is divided by k.
0
Let r be -3 + -2 + (-20)/(-4). Suppose 4*p - 1 - 11 = r. What is the remainder when p is divided by 3?
0
Calculate the remainder when 162 is divided by (-328)/(-6)*(-39)/(-52).
39
Let q(n) = -n**3 - 9*n**2 + 10*n - 1. Let l be q(-10). Calculate the remainder when 87 is divided by (5 + l)*5/2.
7
Let k = -1133 - -1315. Suppose -5*c = -141 - 44. Calculate the remainder when k is divided by c.
34
Let c(r) be the third derivative of r**5/60 - 5*r**4/12 - 2*r**3 - 13*r**2 - 2*r. Calculate the remainder when 82 is divided by c(12).
10
Suppose 0 = -4*p + 107 + 105. What is the remainder when 57 is divided by p?
4
Let i = 299 + -149. Calculate the remainder when i is divided by 19.
17
Let g = 0 - -3. Suppose -5*r = -g*r + 252. Let u = r + 207. Calculate the remainder when u is divided by 21.
18
Suppose -s + 1 = -4. Let p(c) = -2 - 1 + 9*c + c**3 + s + 4 + 8*c**2. Calculate the remainder when p(-6) is divided by 9.
6
Let r be (18/(-8))/(8/96). Let h = r - -29. What is the remainder when 44 is divided by h/(2 - 3) - -25?
21
Let k(n) = 20 + n + 11 - 30 + 9. Calculate the remainder when 6 is divided by k(-6).
2
Let a(c) = 26*c - 10. Let k be a(5). Let t = -86 + k. Calculate the remainder when t is divided by 7.
6
Suppose 110*s - 128 = 106*s. Calculate the remainder when 124 + -1*2 + 3 is divided by s.
29
Let x(o) = -o**3 - 44*o**2 - 46*o - 60. Calculate the remainder when x(-43) is divided by 12.
9
Let h(d) = 8*d**2 - 29*d - 26. Calculate the remainder when h(7) is divided by 1/(-1) + -1 + 43.
40
Let x(z) = -z**3 + 6*z**2 - 7*z + 1. Let s(l) = 2*l**2 - l. Let g be s(-1). Calculate the remainder when 25 is divided by x(g).
4
Let q(z) = -z**2 + 2*z - 9. Let f be q(0). Calculate the remainder when 3/f + 448/12 is divided by 14.
9
Let r be (-1366)/8 - 30/(-40). Calculate the